t are the prime factors of 9414181?
7, 107, 12569
What are the prime factors of 2565512?
2, 23, 73, 191
List the prime factors of 2600617.
1039, 2503
List the prime factors of 9072292.
2, 2268073
What are the prime factors of 1212072?
2, 3, 50503
What are the prime factors of 298398?
2, 3, 41, 1213
List the prime factors of 151600.
2, 5, 379
What are the prime factors of 1053366?
2, 3, 419
List the prime factors of 114719.
11, 10429
List the prime factors of 17981526.
2, 3, 773, 3877
What are the prime factors of 45881?
11, 43, 97
What are the prime factors of 637900?
2, 5, 6379
What are the prime factors of 993639?
3, 331213
List the prime factors of 20087086.
2, 10043543
List the prime factors of 8360723.
7, 170627
What are the prime factors of 4530697?
173, 26189
List the prime factors of 599128.
2, 74891
List the prime factors of 97259.
97259
List the prime factors of 15477594.
2, 3, 11, 21319
What are the prime factors of 140409?
3, 15601
List the prime factors of 167040.
2, 3, 5, 29
What are the prime factors of 370839?
3, 7, 17659
What are the prime factors of 167820?
2, 3, 5, 2797
List the prime factors of 702012.
2, 3, 19, 3079
List the prime factors of 2714738.
2, 13, 193, 541
What are the prime factors of 7625157?
3, 227, 11197
What are the prime factors of 81259?
23, 3533
What are the prime factors of 1298469?
3, 47, 9209
List the prime factors of 1232609.
7, 176087
What are the prime factors of 1149892?
2, 103, 2791
What are the prime factors of 12683887?
17, 19, 107, 367
What are the prime factors of 3641690?
2, 5, 13, 109, 257
List the prime factors of 15082270.
2, 5, 7, 215461
What are the prime factors of 12794004?
2, 3, 118463
List the prime factors of 3221742.
2, 3, 139, 3863
What are the prime factors of 9181808?
2, 573863
List the prime factors of 11791158.
2, 3, 1965193
List the prime factors of 331671.
3, 110557
List the prime factors of 30854510.
2, 5, 3085451
List the prime factors of 463824.
2, 3, 3221
What are the prime factors of 10907319?
3, 17, 31, 6899
What are the prime factors of 3817084?
2, 691, 1381
List the prime factors of 152685.
3, 5, 13, 29
What are the prime factors of 1518152?
2, 109, 1741
List the prime factors of 514767.
3, 11, 19, 821
What are the prime factors of 16002127?
127, 126001
What are the prime factors of 457070?
2, 5, 45707
List the prime factors of 3512488.
2, 7, 62723
List the prime factors of 252564.
2, 3, 13, 1619
What are the prime factors of 568910?
2, 5, 56891
What are the prime factors of 5330888?
2, 113, 5897
List the prime factors of 1710576.
2, 3, 7, 1697
List the prime factors of 546093.
3, 47, 1291
List the prime factors of 1857797.
1857797
What are the prime factors of 16160266?
2, 67, 83, 1453
What are the prime factors of 97101?
3, 10789
What are the prime factors of 211188?
2, 3, 17599
List the prime factors of 974438.
2, 487219
List the prime factors of 13170414.
2, 3, 313, 7013
List the prime factors of 912085.
5, 182417
List the prime factors of 238126.
2, 7, 73, 233
List the prime factors of 2417071.
139, 17389
List the prime factors of 153707.
281, 547
What are the prime factors of 5605786?
2, 2802893
List the prime factors of 3200461.
11, 131, 2221
What are the prime factors of 1392405?
3, 5, 7, 89, 149
What are the prime factors of 12670900?
2, 5, 11, 11519
What are the prime factors of 1612683?
3, 59729
What are the prime factors of 22823059?
7, 47, 69371
What are the prime factors of 9093080?
2, 5, 59, 3853
List the prime factors of 227040.
2, 3, 5, 11, 43
List the prime factors of 3023488.
2, 13, 23, 79
What are the prime factors of 278104?
2, 34763
What are the prime factors of 481339?
163, 2953
What are the prime factors of 10994720?
2, 5, 11, 6247
List the prime factors of 609706.
2, 59, 5167
What are the prime factors of 3482539?
3482539
List the prime factors of 114366.
2, 3, 7, 389
What are the prime factors of 1531824?
2, 3, 7, 47, 97
What are the prime factors of 1414208?
2, 19, 1163
List the prime factors of 5195449.
7, 251, 2957
What are the prime factors of 32268703?
17, 1301, 1459
List the prime factors of 2058251.
13, 19, 641
What are the prime factors of 245092?
2, 71, 863
What are the prime factors of 2661865?
5, 532373
What are the prime factors of 20386684?
2, 97, 52543
What are the prime factors of 263939?
13, 79, 257
List the prime factors of 22142481.
3, 97, 76091
What are the prime factors of 600485?
5, 120097
List the prime factors of 6342175.
5, 7, 36241
What are the prime factors of 959079?
3, 11, 29063
List the prime factors of 19857371.
19857371
What are the prime factors of 222772?
2, 11, 61, 83
What are the prime factors of 212449?
17, 12497
What are the prime factors of 6577037?
6577037
What are the prime factors of 1926168?
2, 3, 17, 4721
What are the prime factors of 690906?
2, 3, 115151
What are the prime factors of 273847?
7, 19, 29, 71
List the prime factors of 163698.
2, 3, 27283
What are the prime factors of 6102197?
79, 77243
List the prime factors of 228273.
3, 76091
List the prime factors of 634364.
2, 158591
What are the prime factors of 92279?
11, 8389
List the prime factors of 1097408.
2, 13, 1319
List the prime factors of 280119.
3, 7, 13339
What are the prime factors of 31204036?
2, 811, 9619
What are the prime factors of 913240?
2, 5, 17, 79
List the prime factors of 23387.
7, 13, 257
What are the prime factors of 4284671?
19, 225509
List the prime factors of 5014858.
2, 163, 15383
List the prime factors of 1292338.
2, 646169
What are the prime factors of 6019?
13, 463
What are the prime factors of 2643742?
2, 31, 42641
What are the prime factors of 402612?
2, 3, 7, 4793
List the prime factors of 48115.
5, 9623
List the prime factors of 5588495.
5, 11, 17, 43, 139
List the prime factors of 199291.
17, 19, 617
What are the prime factors of 4923540?
2, 3, 5, 17, 1609
List the prime factors of 2429226.
2, 3, 19, 7103
List the prime factors of 13648358.
2, 577, 11827
List the prime factors of 9093.
3, 7, 433
List the prime factors of 2037283.
2037283
What are the prime factors of 176833?
19, 41, 227
What are the prime factors of 463766?
2, 461, 503
List the prime factors of 476789.
29, 41, 401
What are the prime factors of 73157?
7, 1493
What are the prime factors of 79063?
79063
What are the prime factors of 21626174?
2, 71, 152297
List the prime factors of 4586797.
4586797
List the prime factors of 22185262.
2, 11, 1008421
List the prime factors of 3535231.
7, 505033
List the prime factors of 189160.
2, 5, 4729
List the prime factors of 32640.
2, 3, 5, 17
What are the prime factors of 3826862?
2, 13, 103, 1429
List the prime factors of 5639939.
5639939
List the prime factors of 29932.
2, 7, 1069
List the prime factors of 2745152.
2, 59, 727
What are the prime factors of 4901145?
3, 5, 19, 29, 593
List the prime factors of 7986150.
2, 3, 5, 17747
What are the prime factors of 5453324?
2, 1363331
What are the prime factors of 5775914?
2, 211, 13687
List the prime factors of 1865110.
2, 5, 13, 14347
List the prime factors of 882076.
2, 13, 16963
List the prime factors of 7323256.
2, 41, 83, 269
What are the prime factors of 1642444?
2, 29, 14159
What are the prime factors of 2890343?
29, 99667
List the prime factors of 13053690.
2, 3, 5, 13, 3719
What are the prime factors of 166095?
3, 5, 3691
List the prime factors of 15711938.
2, 11, 41, 17419
What are the prime factors of 5049457?
7, 721351
What are the prime factors of 181798?
2, 17, 5347
List the prime factors of 35025.
3, 5, 467
List the prime factors of 96047.
7, 13721
List the prime factors of 5012878.
2, 13, 14831
What are the prime factors of 573271?
163, 3517
List the prime factors of 2232052.
2, 593, 941
What are the prime factors of 6012166?
2, 229, 13127
List the prime factors of 2760536.
2, 345067
What are the prime factors of 1622643?
3, 11, 49171
What are the prime factors of 636421?
636421
What are the prime factors of 2591028?
2, 3, 11, 727
List the prime factors of 8242699.
29, 284231
What are the prime factors of 14103730?
2, 5, 1410373
What are the prime factors of 313008?
2, 3, 6521
What are the prime factors of 439228?
2, 109807
What are the prime factors of 15017301?
3, 13, 37, 3469
List the prime factors of 8338.
2, 11, 379
What are the prim